{"id":6,"date":"2016-05-17T17:01:17","date_gmt":"2016-05-17T16:01:17","guid":{"rendered":"https:\/\/www.troin83.com\/?page_id=6"},"modified":"2022-04-20T15:55:54","modified_gmt":"2022-04-20T14:55:54","slug":"demenageur","status":"publish","type":"page","link":"https:\/\/www.troin83.com\/","title":{"rendered":"Demenageur"},"content":{"rendered":"<p>Que vous soyez des <a href=\"https:\/\/demenageur.com\">d\u00e9m\u00e9nageurs<\/a> malins (toujours avec de nouvelles astuces high-tech pour emballer), des d\u00e9m\u00e9nageurs paresseux (qui remettent tous les d\u00e9tails aux bons soins de l\u2019entreprise de d\u00e9m\u00e9nagement), ou m\u00eame des d\u00e9m\u00e9nageurs psychologue (qui cherche \u00e0 voir ce qui est important pour qui et qui \u00e9tudie ce qui doit et ne doit pas \u00eatre emporter, jeter ou non), \u00e0 la fin, que vous ayez choisi n\u2019importe quelle solution, un devis gratuit pour les services que vous attendez est toujours un plus, car chacun choisit selon ses moyens et ses attentes.<\/p>\n<h2>D\u00e9m\u00e9nagement et emballage<\/h2>\n<p>Emballer n\u2019est pas une mince affaire. D\u2019abord, on passe par la phase collecte de mat\u00e9riaux. On ach\u00e8te tout ce que l\u2019on peut \u00e0 l\u2019\u00e9picerie du coin. Ce sont les gros scotchs, les cartons, les marqueurs, les ciseaux,\u2026 ou on fait la collecte et la qu\u00eate de tous les objets ayant servi aux voisins (qui ont emm\u00e9nag\u00e9 r\u00e9cemment, ou bien apr\u00e8s vous dans le quartier) lors de leurs emm\u00e9nagements. Lorsque l\u2019on a tout, la phase logistique commence vraiment.<br \/>\nD\u2019abord, on fait un premier tri pour voir les objets que l\u2019on va emporter ou non. Apr\u00e8s il y a les tris par rapport \u00e0 l\u2019ordre que l\u2019on va suivre pour ranger et empaqueter. Pour ce qui est de l\u2019empaquetage proprement dit, il y a un syst\u00e8me \u00e0 suivre. D\u2019abord, les plus gros effets devraient \u00eatre emball\u00e9s en premier, car ce sont eux qui seront mis au fond dans le camion de d\u00e9m\u00e9nagement http:\/\/demenageur.com\u00a0. Ensuite les mat\u00e9riaux qui sont solide sans pour autant \u00eatre encombrant seront les suivants. Apr\u00e8s, il y a les petits objets que l\u2019on n\u2019a pas envie de laisser derri\u00e8re comme les troph\u00e9es (sport, math\u00e9matique,\u2026), les photos encadr\u00e9es, les albums photos, les tableaux d\u2019honneur et autres distinctions que les membres de la famille ont accumul\u00e9s,\u2026 . Les derniers de la liste \u00e9videmment sont les objets fragiles, comme les porcelaines et autres babioles, ornements en verre ou autre.<\/p>\n<h2>Cartons ou emballage \u00e0 papiers bulle ?<\/h2>\n<p>La partie emballage proprement dite n\u00e9cessite aussi beaucoup de connaissance.<br \/>\nComment choisir les cartons appropri\u00e9s \u00e0 tel ou tel objet ? Ce carton-ci devrait \u00eatre scell\u00e9 par un gros scotch, attach\u00e9 ou non ? L\u2019objet en question doit \u00eatre entour\u00e9 de papier \u00e0 bulle, ou \u00eatre simplement mis dans un carton ?<br \/>\nLa solution la plus pratique \u00e9videmment est de faire appel \u00e0 une entreprise de d\u00e9m\u00e9nagement. En plus d\u2019avoir tous les outils ad\u00e9quats, les d\u00e9m\u00e9nageurs qu\u2019ils emploient ont aussi par ailleurs d\u00e9j\u00e0 beaucoup d\u2019exp\u00e9rience. Ils connaissent toutes les contraintes, ainsi que les caract\u00e9ristiques ergonomiques propres \u00e0 chaque objet. En effet, emballer un frigidaire et emballer les chaises de la salle \u00e0 manger requi\u00e8rent des emballages diff\u00e9rents, tout en ayant besoin de condition de chargement et de transport diff\u00e9rents. En effet, outre la diff\u00e9rence dans le volume, le frigidaire devrait \u00eatre emball\u00e9 diff\u00e9remment de la chaise par exemple par le fait que ce premier ne devrait pas \u00eatre trop secou\u00e9, du fait du gaz pr\u00e9sent dans son \u00ab armature \u00bb. Il en est de m\u00eame pour certains types d\u2019objet, dont il faut un traitement sp\u00e9cial, mais que les d\u00e9m\u00e9nageurs aguerris connaissent d\u00e9j\u00e0 par c\u0153ur.<\/p>\n<h2>D\u00e9m\u00e9nagement et d\u00e9ballage<\/h2>\n<p>Pour le d\u00e9ballage, des interrogations et des soucis peuvent encore se poser. Les d\u00e9m\u00e9nageurs, en professionnels comp\u00e9tents, sont encore des atouts pr\u00e9cieux. En effet, le d\u00e9ballage est encore une op\u00e9ration assez compliqu\u00e9e, surtout si ce sont ces professionnels, qui se sont occup\u00e9s de l\u2019emballage des cartons de d\u00e9m\u00e9nagement http:\/\/demenageur.com\/carton-demenagement\/. Le mieux donc, si l\u2019on a eut recours \u00e0 des professionnels : entreprise de d\u00e9m\u00e9nagement\u00a0, d\u00e9m\u00e9nageurs comp\u00e9tents, camion de d\u00e9m\u00e9nagement respectant les normes en vigueur, empaquetage et carton de d\u00e9m\u00e9nagement en bon et due forme, c\u2019est de leur laiss\u00e9e le champ libre jusqu\u2019au d\u00e9ballage.<br \/>\nAinsi, le reste \u00e0 faire est d\u2019arranger et d\u2019agr\u00e9menter les lieux \u00e0 investir selon le gout et le choix de toute la famille.<br \/>\nDans le cas o\u00f9 c\u2019est la famille qui s\u2019est charg\u00e9e de tout l\u2019arsenal emballage, mais que seule la partie transport a \u00e9t\u00e9 effectu\u00e9e par l\u2019entreprise de d\u00e9m\u00e9nagement, l\u2019affaire est plus simple.<br \/>\nDe plus la partie d\u00e9ballage et prise de possession des lieux peut \u00eatre agr\u00e9ment\u00e9 afin de faire en sorte d\u2019avoir des souvenirs communs, et ainsi commencer la nouvelle vie dans la nouvelle maison (ville, pays) dans l\u2019esprit d\u2019amour parental et fraternel.<\/p>\n","protected":false},"excerpt":{"rendered":"<p>Que vous soyez des d\u00e9m\u00e9nageurs malins (toujours avec de nouvelles astuces high-tech pour emballer), des d\u00e9m\u00e9nageurs paresseux (qui remettent tous les d\u00e9tails aux bons soins de l\u2019entreprise de d\u00e9m\u00e9nagement), ou m\u00eame des d\u00e9m\u00e9nageurs psychologue (qui cherche \u00e0 voir ce qui est important pour qui et qui \u00e9tudie ce qui doit et ne doit pas \u00eatre &hellip; <a href=\"https:\/\/www.troin83.com\/\" class=\"more-link\">Continuer la lecture<span class=\"screen-reader-text\"> de &laquo;&nbsp;Demenageur&nbsp;&raquo;<\/span><\/a><\/p>\n","protected":false},"author":1,"featured_media":0,"parent":0,"menu_order":0,"comment_status":"closed","ping_status":"closed","template":"","meta":{"_seopress_robots_primary_cat":"","_seopress_titles_title":"","_seopress_titles_desc":"","_seopress_robots_index":"","footnotes":""},"class_list":["post-6","page","type-page","status-publish","hentry"],"_links":{"self":[{"href":"https:\/\/www.troin83.com\/index.php\/wp-json\/wp\/v2\/pages\/6","targetHints":{"allow":["GET"]}}],"collection":[{"href":"https:\/\/www.troin83.com\/index.php\/wp-json\/wp\/v2\/pages"}],"about":[{"href":"https:\/\/www.troin83.com\/index.php\/wp-json\/wp\/v2\/types\/page"}],"author":[{"embeddable":true,"href":"https:\/\/www.troin83.com\/index.php\/wp-json\/wp\/v2\/users\/1"}],"replies":[{"embeddable":true,"href":"https:\/\/www.troin83.com\/index.php\/wp-json\/wp\/v2\/comments?post=6"}],"version-history":[{"count":5,"href":"https:\/\/www.troin83.com\/index.php\/wp-json\/wp\/v2\/pages\/6\/revisions"}],"predecessor-version":[{"id":15,"href":"https:\/\/www.troin83.com\/index.php\/wp-json\/wp\/v2\/pages\/6\/revisions\/15"}],"wp:attachment":[{"href":"https:\/\/www.troin83.com\/index.php\/wp-json\/wp\/v2\/media?parent=6"}],"curies":[{"name":"wp","href":"https:\/\/api.w.org\/{rel}","templated":true}]}}